{"id":14971,"date":"2024-10-20T10:41:12","date_gmt":"2024-10-20T08:41:12","guid":{"rendered":"https:\/\/maulwuerfe.ch\/?page_id=14971"},"modified":"2024-11-13T16:06:18","modified_gmt":"2024-11-13T14:06:18","slug":"14971-2","status":"publish","type":"page","link":"https:\/\/maulwuerfe.ch\/?page_id=14971","title":{"rendered":"Antiimperialistische Konferenz am 30. November in Z\u00fcrich"},"content":{"rendered":"\n<figure class=\"wp-block-image size-full\"><a href=\"https:\/\/maulwuerfe.ch\/wp-content\/uploads\/2024\/11\/grafik.png\"><img loading=\"lazy\" decoding=\"async\" width=\"591\" height=\"121\" src=\"https:\/\/maulwuerfe.ch\/wp-content\/uploads\/2024\/11\/grafik.png\" alt=\"\" class=\"wp-image-15053\" srcset=\"https:\/\/maulwuerfe.ch\/wp-content\/uploads\/2024\/11\/grafik.png 591w, https:\/\/maulwuerfe.ch\/wp-content\/uploads\/2024\/11\/grafik-300x61.png 300w\" sizes=\"auto, (max-width: 591px) 100vw, 591px\" \/><\/a><\/figure>\n\n\n<p><strong>Wie bek\u00e4mpfen wir die Kriegsgefahr?<\/strong><\/p>\n<p>Antiimperialistische Konferenz am 30. November in Z\u00fcrich<\/p>\n<p>Auf der ganzen Welt eskalieren die kriegerischen Auseinandersetzungen. Um den V\u00f6lkermord in Pal\u00e4stina ungest\u00f6rt zu vollziehen, greift Israel immer weitere Nationen an und provoziert einen regionalen Konflikt. W\u00e4hrend die Imperialist:innen des Westens dem zionistischen Staat dabei v\u00f6llige Unterst\u00fctzung gew\u00e4hren, unterwerfen sie sich unter dem Vorwand des Widerstands gegen Russland die Ukraine. Auf dem afrikanischen Kontinent ringen fast alle Gro\u00dfm\u00e4chte der Welt um Dominanz, riskieren daf\u00fcr Menschenleben sowie die Souver\u00e4nit\u00e4t und Stabilit\u00e4t der afrikanischen Nationen. Wir sagen klar: Hinter Krieg und Krise steckt das Kapital!<\/p>\n<p>Doch wie l\u00e4sst sich dieses System, der Imperialismus, verstehen? Wessen Interessen stehen hinter den Konflikten und welche M\u00e4chte agieren imperialistisch? Was treibt den Westen zu einer zunehmend aggressiven Linie gegen\u00fcber China, Russland, Iran und dem Rest der Welt, selbst um den Preis, dass sie die Grundlage ihres Reichtums und ihrer Existenz \u2013 den kapitalistischen Weltmarkt und das nackte \u00dcberleben der Menschheit \u2013 gef\u00e4hrden? Wie f\u00fcgt sich die Schweiz in das imperialistische Gef\u00fcge ein?<\/p>\n<p>Welche Perspektiven er\u00f6ffnen sich f\u00fcr uns? Wie und mit welchen Kr\u00e4ften k\u00f6nnen wir mobilisieren? Wie bauen wir einen handlungsf\u00e4higen antiimperialistischen Pol auf?<\/p>\n<p>Um diese Fragen zu diskutieren, treffen wir uns am<\/p>\n<p><strong>Samstag, 30. November, 14.00 Uhr im Volkshaus Z\u00fcrich.<\/strong><\/p>\n<p>Komm auch du!<\/p>\n<p>Netzwerk Antiimperialistische Solidarit\u00e4t \u25cf <a href=\"mailto:netzwerkantiimperialistischesolidaritaet@gmx.ch\">netzwerkantiimperialistischesolidaritaet@gmx.ch<\/a><\/p>\n\n<div class=\"wp-block-image\">\n<figure class=\"aligncenter size-full is-resized\"><a href=\"https:\/\/maulwuerfe.ch\/wp-content\/uploads\/2024\/10\/NAS-Logo.jpg\"><img loading=\"lazy\" decoding=\"async\" width=\"391\" height=\"83\" src=\"https:\/\/maulwuerfe.ch\/wp-content\/uploads\/2024\/10\/NAS-Logo.jpg\" alt=\"\" class=\"wp-image-14972\" style=\"width:415px;height:auto\" srcset=\"https:\/\/maulwuerfe.ch\/wp-content\/uploads\/2024\/10\/NAS-Logo.jpg 391w, https:\/\/maulwuerfe.ch\/wp-content\/uploads\/2024\/10\/NAS-Logo-300x64.jpg 300w\" sizes=\"auto, (max-width: 391px) 100vw, 391px\" \/><\/a><\/figure>\n<\/div>","protected":false},"excerpt":{"rendered":"<p>Wie bek\u00e4mpfen wir die Kriegsgefahr?<br \/>\nAntiimperialistische Konferenz am 30. November in Z\u00fcrich<br \/>\nAuf der ganzen Welt eskalieren die kriegerischen Auseinandersetzungen. Um den V\u00f6lkermord in Pal\u00e4stina ungest\u00f6rt zu vollziehen, greift Israel immer weitere Nationen an und provoziert einen &#8230;<\/p>\n","protected":false},"author":2,"featured_media":0,"parent":0,"menu_order":0,"comment_status":"closed","ping_status":"closed","template":"","meta":{"footnotes":""},"class_list":["post-14971","page","type-page","status-publish","hentry"],"_links":{"self":[{"href":"https:\/\/maulwuerfe.ch\/index.php?rest_route=\/wp\/v2\/pages\/14971","targetHints":{"allow":["GET"]}}],"collection":[{"href":"https:\/\/maulwuerfe.ch\/index.php?rest_route=\/wp\/v2\/pages"}],"about":[{"href":"https:\/\/maulwuerfe.ch\/index.php?rest_route=\/wp\/v2\/types\/page"}],"author":[{"embeddable":true,"href":"https:\/\/maulwuerfe.ch\/index.php?rest_route=\/wp\/v2\/users\/2"}],"replies":[{"embeddable":true,"href":"https:\/\/maulwuerfe.ch\/index.php?rest_route=%2Fwp%2Fv2%2Fcomments&post=14971"}],"version-history":[{"count":5,"href":"https:\/\/maulwuerfe.ch\/index.php?rest_route=\/wp\/v2\/pages\/14971\/revisions"}],"predecessor-version":[{"id":15054,"href":"https:\/\/maulwuerfe.ch\/index.php?rest_route=\/wp\/v2\/pages\/14971\/revisions\/15054"}],"wp:attachment":[{"href":"https:\/\/maulwuerfe.ch\/index.php?rest_route=%2Fwp%2Fv2%2Fmedia&parent=14971"}],"curies":[{"name":"wp","href":"https:\/\/api.w.org\/{rel}","templated":true}]}}